{"id":572,"date":"2019-05-17T20:41:36","date_gmt":"2019-05-17T20:41:36","guid":{"rendered":"https:\/\/condominio.astro.up.pt\/?page_id=572"},"modified":"2019-06-13T10:42:33","modified_gmt":"2019-06-13T10:42:33","slug":"o-coastro-vai-a-escola","status":"publish","type":"page","link":"https:\/\/condominio.astro.up.pt\/?page_id=572","title":{"rendered":"O CoAstro vai \u00e0 escola"},"content":{"rendered":"<p><img decoding=\"async\" loading=\"lazy\" class=\"aligncenter size-large wp-image-599\" src=\"https:\/\/condominio.astro.up.pt\/wp-content\/uploads\/2019\/06\/IMG_20190612_175302-1024x768.jpg\" alt=\"\" width=\"525\" height=\"394\" srcset=\"https:\/\/condominio.astro.up.pt\/wp-content\/uploads\/2019\/06\/IMG_20190612_175302-1024x768.jpg 1024w, https:\/\/condominio.astro.up.pt\/wp-content\/uploads\/2019\/06\/IMG_20190612_175302-300x225.jpg 300w, https:\/\/condominio.astro.up.pt\/wp-content\/uploads\/2019\/06\/IMG_20190612_175302-768x576.jpg 768w\" sizes=\"(max-width: 525px) 100vw, 525px\" \/><\/p>\n<p>Nesta etapa do CoAstro, os seus elementos visitam as escola dos professores participantes.<\/p>\n<p>Depois de no dia 16 de maio se ter iniciado esta etapa, mas \u201cdentro de portas\u201d (ver\u00a0<a href=\"https:\/\/condominio.astro.up.pt\/?p=566\">aqui<\/a>), no dia\u00a0 4 de junho o CoAstro foi, pela primeira vez, \u00e0 escola: a\u00a0<a href=\"https:\/\/afcima.jimdo.com\/\">Escola B\u00e1sica da Afurada de Cima<\/a>\u00a0(Afurada \u2013 Vila Nova de Gaia).<\/p>\n<p>Tomando-lhe o gosto o CoAstro andar\u00e1 todo o m\u00eas de junho na escola:<\/p>\n<ul>\n<li>5 de junho, de manh\u00e3, na\u00a0<a href=\"https:\/\/portal.agrupajunqueira.pt\/index.php\/agrupamento\/escolas\/60-ebmedados-localiza\">Escola B\u00e1sica de Medados<\/a>\u00a0(Touguinha \u2013 Vila do Conde);<\/li>\n<li>7 de junho , \u00e0 noite, na\u00a0<a href=\"https:\/\/antoniosergio.pt\/index.php\/escolas-do-agrupamento\/eb1-prof-dr-marques-dos-santos\">Escola B\u00e1sica Prof. Dr. Marques dos Santos<\/a>\u00a0(Oliveira do Douro \u2013 Vila Nova de Gaia);<\/li>\n<li>12 de junho, \u00e0 tarde, na\u00a0<a href=\"https:\/\/aefanzeres.pt\/services-2\/\">Escola B\u00e1sica de Alvarinha<\/a>\u00a0(F\u00e2nzeres \u2013 Gondomar);<\/li>\n<li>13 de junho, \u00e0 noite, com o\u00a0<a href=\"https:\/\/www.externatobomjesus.com\/\">Externato Bom Jesus<\/a>\u00a0(Matosinhos);<\/li>\n<li>18 de junho, de manh\u00e3, na\u00a0<a href=\"https:\/\/aea.edu.pt\/index.php\/eb1-igreja-lomba\">Escola B\u00e1sica da Igreja<\/a>\u00a0(Lomba \u2013 Amarante)<\/li>\n<\/ul>\n<p>Nestas visitas \u00e0s escolas, o CoAstro aprende com tudo o que, ao longo do ano letivo, foi realizado pelos professores, alunos e suas fam\u00edlias, no \u00e2mbito da astronomia. Por outro lado, h\u00e1 a possibilidade de, usando recurso do Planet\u00e1rio do Porto \u2013 Centro Ci\u00eancia Viva, trabalhar-se a astronomia com: planet\u00e1rio port\u00e1til, observa\u00e7\u00f5es diurnas \/ noturnas usando telesc\u00f3pios, atividades com lasers e muito, muito mais\u2026<\/p>\n<p>Tudo isto sempre na companhia de todos os cond\u00f3minos do CoAstro: professores, divulgadores e astr\u00f3nomos.<\/p>\n","protected":false},"excerpt":{"rendered":"<p>Nesta etapa do CoAstro, os seus elementos visitam as escola dos professores participantes. Depois de no dia 16 de maio se ter iniciado esta etapa, mas \u201cdentro de portas\u201d (ver\u00a0aqui), no dia\u00a0 4 de junho o CoAstro foi, pela primeira vez, \u00e0 escola: a\u00a0Escola B\u00e1sica da Afurada de Cima\u00a0(Afurada \u2013 Vila Nova de Gaia). Tomando-lhe &hellip; <\/p>\n<p class=\"link-more\"><a href=\"https:\/\/condominio.astro.up.pt\/?page_id=572\" class=\"more-link\">Continuar a ler <span class=\"screen-reader-text\">&#8220;O CoAstro vai \u00e0 escola&#8221;<\/span><\/a><\/p>\n","protected":false},"author":1,"featured_media":0,"parent":0,"menu_order":0,"comment_status":"closed","ping_status":"closed","template":"","meta":{"_mi_skip_tracking":false,"_monsterinsights_sitenote_active":false,"_monsterinsights_sitenote_note":"","_monsterinsights_sitenote_category":0,"footnotes":""},"_links":{"self":[{"href":"https:\/\/condominio.astro.up.pt\/index.php?rest_route=\/wp\/v2\/pages\/572"}],"collection":[{"href":"https:\/\/condominio.astro.up.pt\/index.php?rest_route=\/wp\/v2\/pages"}],"about":[{"href":"https:\/\/condominio.astro.up.pt\/index.php?rest_route=\/wp\/v2\/types\/page"}],"author":[{"embeddable":true,"href":"https:\/\/condominio.astro.up.pt\/index.php?rest_route=\/wp\/v2\/users\/1"}],"replies":[{"embeddable":true,"href":"https:\/\/condominio.astro.up.pt\/index.php?rest_route=%2Fwp%2Fv2%2Fcomments&post=572"}],"version-history":[{"count":4,"href":"https:\/\/condominio.astro.up.pt\/index.php?rest_route=\/wp\/v2\/pages\/572\/revisions"}],"predecessor-version":[{"id":600,"href":"https:\/\/condominio.astro.up.pt\/index.php?rest_route=\/wp\/v2\/pages\/572\/revisions\/600"}],"wp:attachment":[{"href":"https:\/\/condominio.astro.up.pt\/index.php?rest_route=%2Fwp%2Fv2%2Fmedia&parent=572"}],"curies":[{"name":"wp","href":"https:\/\/api.w.org\/{rel}","templated":true}]}}